se 7) to base 9
-8476058
Convert -54058 (base 9) to base 2.
-1000101110111110
-11622071 (base 9) to base 6
-321451444
Convert -2313616 (base 7) to base 4.
-1012222300
Convert -140d3 (base 14) to base 3.
-2112000012
Convert -20455005 (base 6) to base 12.
-24a465
What is 101111010110 (base 2) in base 7?
11556
Convert 203223013 (base 4) to base 6.
3044251
Convert -10023003 (base 5) to base 15.
-1896d
Convert -24135505 (base 6) to base 9.
-1376655
Convert -31344645 (base 8) to base 5.
-3201431012
What is 1560944 (base 12) in base 2?
10000100111011101000100
What is 408051 (base 10) in base 14?
a89c7
What is -25293 (base 13) in base 7?
-403620
Convert -1202200212 (base 3) to base 10.
-34772
What is -4551033 (base 6) in base 12?
-b2479
What is 41002312 (base 5) in base 16?
50309
Convert 100101100111010111 (base 2) to base 6.
3145143
Convert 134060361 (base 7) to base 14.
12300d8
13023320 (base 4) to base 11
20127
245697 (base 12) to base 5
122341402
Convert 302803 (base 12) to base 13.
203b56
What is -c1d92 (base 15) in base 2?
-10010101111000110001
892d44 (base 14) to base 9
8676373
Convert 303e25 (base 15) to base 9.
4272228
Convert 9a22c6 (base 14) to base 8.
23750046
What is -437268 (base 9) in base 2?
-111111110001010110
Convert 11011010011011011100111 (base 2) to base 8.
33233347
What is -1750401 (base 9) in base 16?
-eebfa
What is 141134 (base 9) in base 11?
59794
-37a24 (base 15) to base 4
-223121320
What is -155f8 (base 16) in base 2?
-10101010111111000
Convert 483819 (base 10) to base 16.
761eb
Convert -67544 (base 9) to base 15.
-d494
Convert 10121200 (base 6) to base 8.
1067440
What is -23b3645 (base 12) in base 8?
-32413325
Convert 34342332 (base 5) to base 14.
80900
What is 303326 (base 8) in base 14?
2866a
What is -a0312a (base 12) in base 2?
-1001100000110011110010
What is -17199 (base 11) in base 6?
-303551
Convert 1878a (base 16) to base 11.
69342
Convert -35015633 (base 7) to base 5.
-1241011213
-4806453 (base 9) to base 6
-131442250
-1001122201021001 (base 3) to base 6
-1302224344
Convert 1768259 (base 11) to base 3.
12122022002121
What is -ca1754 (base 15) in base 14?
-13c72cb
Convert -366262 (base 7) to base 2.
-10000010111010011
Convert -270557 (base 9) to base 12.
-7b22a
31339b6 (base 12) to base 15
c334e0
Convert 2b634 (base 14) to base 16.
1a6ce
What is 178d79 (base 15) in base 14?
21ab93
26263666 (base 7) to base 6
123254031
Convert -13034260 (base 8) to base 10.
-2898096
Convert 564604 (base 11) to base 13.
25635a
Convert 7438b2 (base 13) to base 8.
12303147
-25035341 (base 6) to base 15
-10b7bd
Convert -78066 (base 10) to base 15.
-181e6
Convert -100000001001001000 (base 2) to base 10.
-131656
What is -502421 (base 7) in base 9?
-138448
Convert 21200364 (base 7) to base 13.
4ac835
Convert -4851533 (base 9) to base 6.
-132225433
What is -650550 (base 9) in base 7?
-3202611
-3346c (base 16) to base 12
-a1664
What is -166a3 (base 14) in base 6?
-1112103
Convert -2962631 (base 10) to base 8.
-13232307
Convert -115434345 (base 6) to base 5.
-1032310300
10971 (base 15) to base 8
147024
Convert 10011111110111101000 (base 2) to base 10.
654824
Convert -88a58 (base 13) to base 14.
-6645d
What is -16833c (base 13) in base 2?
-10001000111010011001
-6084919 (base 10) to base 3
-102110010221101
312399 (base 12) to base 5
144134422
112112111001 (base 3) to base 13
a0303
What is 3a92aa (base 12) in base 6?
32441534
What is -10001111110110101 (base 2) in base 5?
-4324103
What is -3aff74 (base 16) in base 7?
-44602356
Convert 125047 (base 10) to base 11.
85a4a
What is -10011100110000010 (base 2) in base 12?
-3a542
What is 657d3d (base 15) in base 4?
102130222033
What is 1020220221202 (base 3) in base 16?
a3052
Convert -1001022200120 (base 3) to base 8.
-2100621
1865465 (base 10) to base 8
7073371
Convert -4010513 (base 8) to base 9.
-1874403
What is 2a60c4 (base 16) in base 2?
1010100110000011000100
-237066 (base 11) to base 4
-1123221312
What is -1229254 (base 11) in base 4?
-20021102321
What is -162e6 (base 16) in base 6?
-1540342
Convert -100101110011110111010 (base 2) to base 8.
-4563672
What is 110001100011010101 (base 2) in base 13?
714c9
-24544342 (base 7) to base 4
-20130100012
-212132301 (base 4) to base 9
-260180
Convert a171a8 (base 13) to base 15.
4e3387
What is 21110100022 (base 3) in base 10?
146780
What is 10154412 (base 6) in base 7?
2336444
-6240612 (base 8) to base 7
-20032410
332204 (base 5) to base 13
534a
Convert b32b6 (base 14) to base 9.
726638
Convert 100110000010110000011 (base 2) to base 13.
34853c
2011010001 (base 3) to base 8
122574
-124421201 (base 5) to base 3
-1011200000020
Convert 223001333 (base 4) to base 10.
176255
-1991c55 (base 15) to base 14
-26a60a0
-1838154 (base 9) to base 15
-15506d
Convert 2122323302 (base 4) to base 5.
130301420
Convert -202211521 (base 7) to base 6.
-1100540354
271157 (base 10) to base 9
452855
Convert 634893 (base 10) to base 8.
2330015
1101001111101000 (base 2) to base 12
27488
-951aa5 (base 11) to base 3
-2212111100100
Convert -6257820 (base 10) to base 13.
-13b146a
What is 1330113213 (base 6) in base 16?
f39fc9
Convert 235405450 (base 6) to base 7.
52643361
What is -232131021 (base 4) in base 9?
-320013
What is -931527 (base 10) in base 11?
-586963
What is -473b6 (base 13) in base 5?
-13132104
-6dca (base 15) to base 8
-55505
Convert -170a7 (base 15) to base 8.
-221247
What is -30201313 (base 5) in base 14?
-63aa5
126441 (base 7) to base 10
23892
What is 4750786 (base 9) in base 2?
1001110100000100001101
What is -844b6 (base 12) in base 9?
-284013
11544655 (base 7) to base 3
1221122212021
What is -16a57a5 (base 12) in base 7?
-54626165
What is -26ca4 (base 13) in base 11?
-4a499
Convert -71819 (base 14) to base 12.
-112167
Convert -11001100100000101 (base 2) to base 12.
-50719
Convert -51221302 (base 7) to base 8.
-20234140
6c1799 (base 13) to base 16
2746ac
-31c8 (base 15) to base 12
-6122
-b2503 (base 13) to base 5
-40210123
What is -1651640 (base 8) in base 11?
-2a882a
What is -100011101111110010110001 (base 2) in base 3?
-122122002022201
Convert 35ec2 (base 16) to base 10.
220866
Convert 16aaa6 (base 12) to base 16.
5fb9e
What is -20200201121 (base 3) in base 16?
-202a5
Convert -21266 (base 16) to base 15.
-2a372
Convert -37225 (base 15) to base 3.
-22221101222
-647475 (base 10) to base 3
-1012220011120
-10000101222 (base 3) to base 6
-1134425
-296594 (base 12) to base 13
-1b4741
What is -10205110 (base 6) in base 16?
-486a2
What is 1a8339 (base 11) in base 5?
40143024
80812 (base 11) to base 5
12234414
Convert 1452762 (base 8) to base 10.
415218
What is -44124031 (base 5) in base 2?
-1011100101111110011
Convert 10112100122211 (base 3) to base 8.
7121677
66a667 (base 14) to base 6
202415323
Convert -5154013 (base 6) to base 10.
-248409
What is -2925476 (base 12) in base 5?
-4103342414
100033020 (base 4) to base 14
1a344
Convert 3308523 (base 9) to base 13.
4a3214
101812 (base 11) to base 4
213320203
Convert -20101122121 (base 3) to base 10.
-125863
Convert 6503a (base 12) to base 10.
133102
Convert 3163a9 (base 15) to base 3.
11102101100220
What is 13363302 (base 7) in base 14?
244b39
Convert -a9620 (base 15) to base 16.
-83595
-3261400 (base 7) to base 14
-a6470
Convert -31214320 (base 5) to base 14.
-69b80
2b81a (base 16) to base 13
6315b
What is -11101301332 (base 4) in base 12?
-5687ba
Convert -1220111122100 (base 3) to base 9.
-1814570
Convert -17a80 (base 16) to base 11.
-66888
What is -7c23a5 (base 16) in base 3?
-120022022221010
Convert -1100010010110001111111 (base 2) to base 5.
-1311111110
What is 60651 (base 13) in base 16?
2a19e
Convert 5047b (base 13) to base 2.
100011000011011111
-1111110101010111 (base 2) to base 3
-10021222001
What is -376240 (base 8) in base 14?
-35648
Convert -1121121011211 (base 3) to base 14.
-184a55
Convert 1454354 (base 6) to base 14.
230d0
-1332332 (base 5) to base 11
-194a3
Convert -329471 (base 10) to base 16.
-506ff
Convert -3ea6b3 (base 15) to base 12.
-1018b13
Convert -34b5641 (base 12) to base 2.
-100110111000000001010001
What is 2213d2 (base 16) in base 15?
2e1ab8
Convert -3387753 (base 11) to base 8.
-26464502
What is 125a (base 13) in base 4?
220302
What is -32231300 (base 4) in base 5?
-3412042
Convert -4644352 (bas